1?
3
What is the remainder when 2605 is divided by 646?
21
Calculate the remainder when 3963 is divided by 20.
3
What is the remainder when 8 is divided by 1?
0
What is the remainder when 716 is divided by 103?
98
What is the remainder when 40 is divided by 28?
12
What is the remainder when 401 is divided by 15?
11
What is the remainder when 67 is divided by 9?
4
Calculate the remainder when 100 is divided by 27.
19
What is the remainder when 2141 is divided by 32?
29
What is the remainder when 15273 is divided by 6?
3
Calculate the remainder when 345 is divided by 168.
9
Calculate the remainder when 690 is divided by 33.
30
Calculate the remainder when 599 is divided by 20.
19
Calculate the remainder when 333 is divided by 108.
9
What is the remainder when 492 is divided by 8?
4
Calculate the remainder when 320 is divided by 12.
8
What is the remainder when 562 is divided by 68?
18
What is the remainder when 100 is divided by 26?
22
Calculate the remainder when 1102 is divided by 56.
38
What is the remainder when 62 is divided by 5?
2
What is the remainder when 430 is divided by 12?
10
What is the remainder when 540 is divided by 55?
45
Calculate the remainder when 2496 is divided by 21.
18
What is the remainder when 3280 is divided by 1638?
4
Calculate the remainder when 134 is divided by 16.
6
Calculate the remainder when 22031 is divided by 153.
152
What is the remainder when 381 is divided by 125?
6
Calculate the remainder when 4419 is divided by 65.
64
Calculate the remainder when 55 is divided by 14.
13
What is the remainder when 98 is divided by 11?
10
What is the remainder when 308 is divided by 153?
2
Calculate the remainder when 103 is divided by 5.
3
Calculate the remainder when 17288 is divided by 19.
17
What is the remainder when 885 is divided by 289?
18
What is the remainder when 124 is divided by 18?
16
What is the remainder when 96 is divided by 9?
6
Calculate the remainder when 105 is divided by 76.
29
Calculate the remainder when 5437 is divided by 37.
35
Calculate the remainder when 4894 is divided by 32.
30
What is the remainder when 7497 is divided by 75?
72
What is the remainder when 725 is divided by 183?
176
Calculate the remainder when 377 is divided by 263.
114
Calculate the remainder when 1479 is divided by 37.
36
What is the remainder when 227 is divided by 21?
17
What is the remainder when 186 is divided by 62?
0
Calculate the remainder when 126 is divided by 82.
44
Calculate the remainder when 2508 is divided by 157.
153
Calculate the remainder when 4016 is divided by 20.
16
What is the remainder when 4173 is divided by 167?
165
What is the remainder when 875 is divided by 21?
14
Calculate the remainder when 295 is divided by 44.
31
Calculate the remainder when 1769 is divided by 469.
362
Calculate the remainder when 3490 is divided by 12.
10
Calculate the remainder when 44 is divided by 22.
0
What is the remainder when 137 is divided by 86?
51
Calculate the remainder when 1365 is divided by 36.
33
What is the remainder when 11473 is divided by 75?
73
What is the remainder when 9 is divided by 2?
1
What is the remainder when 328 is divided by 10?
8
Calculate the remainder when 931 is divided by 34.
13
What is the remainder when 173 is divided by 55?
8
What is the remainder when 403 is divided by 11?
7
What is the remainder when 135 is divided by 71?
64
Calculate the remainder when 116 is divided by 9.
8
Calculate the remainder when 117 is divided by 62.
55
What is the remainder when 50 is divided by 16?
2
Calculate the remainder when 2358 is divided by 118.
116
Calculate the remainder when 148 is divided by 29.
3
What is the remainder when 859 is divided by 859?
0
What is the remainder when 53215 is divided by 41?
38
Calculate the remainder when 355 is divided by 17.
15
Calculate the remainder when 149 is divided by 40.
29
What is the remainder when 74 is divided by 56?
18
Calculate the remainder when 1397 is divided by 38.
29
Calculate the remainder when 217 is divided by 11.
8
What is the remainder when 1652 is divided by 57?
56
What is the remainder when 65 is divided by 41?
24
What is the remainder when 451 is divided by 114?
109
Calculate the remainder when 1181 is divided by 392.
5
What is the remainder when 1998 is divided by 126?
108
What is the remainder when 2482 is divided by 35?
32
What is the remainder when 4497 is divided by 19?
13
What is the remainder when 223 is divided by 23?
16
Calculate the remainder when 607 is divided by 85.
12
What is the remainder when 183 is divided by 88?
7
What is the remainder when 252 is divided by 32?
28
What is the remainder when 4699 is divided by 4699?
0
Calculate the remainder when 946 is divided by 12.
10
What is the remainder when 121 is divided by 33?
22
What is the remainder when 93 is divided by 32?
29
Calculate the remainder when 204 is divided by 71.
62
What is the remainder when 123 is divided by 35?
18
What is the remainder when 1333 is divided by 89?
87
What is the remainder when 145 is divided by 39?
28
Calculate the remainder when 429 is divided by 71.
3
Calculate the remainder when 857 is divided by 13.
12
Calculate the remainder when 800 is divided by 201.
197
Calculate the remainder when 247 is divided by 67.
46
What is the remainder when 2821 is divided by 8?
5
Calculate the remainder when 349 is divided by 12.
1
What is the remainder when 636 is divided by 24?
12
What is the remainder when 74 is divided by 34?
6
Calculate the remainder when 44 is divided by 8.
4
What is the remainder when 29392 is divided by 46?
44
Calculate the remainder when 906 is divided by 49.
24
Calculate the remainder when 103 is divided by 15.
13
Calculate the remainder when 86 is divided by 74.
12
What is the remainder when 696 is divided by 596?
100
What is the remainder when 372 is divided by 116?
24
Calculate the remainder when 206 is divided by 53.
47
What is the remainder when 1636 is divided by 82?
78
Calculate the remainder when 102 is divided by 47.
8
Calculate the remainder when 988 is divided by 45.
43
What is the remainder when 4012 is divided by 103?
98
Calculate the remainder when 158 is divided by 68.
22
Calculate the remainder when 5607 is divided by 55.
52
Calculate the remainder when 81 is divided by 42.
39
What is the remainder when 959 is divided by 260?
179
Calculate the remainder when 3354 is divided by 281.
263
Calculate the remainder when 869 is divided by 58.
57
What is the remainder when 994 is divided by 83?
81
Calculate the remainder when 457 is divided by 76.
1
What is the remainder when 49 is divided by 22?
5
What is the remainder when 112 is divided by 30?
22
What is the remainder when 2170 is divided by 128?
122
Calculate the remainder when 1678 is divided by 42.
40
Calculate the remainder when 24 is divided by 10.
4
What is the remainder when 23 is divided by 10?
3
Calculate the remainder when 162 is divided by 46.
24
What is the remainder when 43613 is divided by 55?
53
Calculate the remainder when 133 is divided by 105.
28
Calculate the remainder when 192 is divided by 187.
5
What is the remainder when 11127 is divided by 15?
12
What is the remainder when 4390 is divided by 122?
120
Calculate the remainder when 5249 is divided by 17.
13
Calculate the remainder when 237 is divided by 13.
3
Calculate the remainder when 177 is divided by 65.
47
What is the remainder when 533 is divided by 63?
29
What is the remainder when 2018 is divided by 81?
74
What is the remainder when 96 is divided by 43?
10
Calculate the remainder when 467 is divided by 12.
11
What is the remainder when 377 is divided by 66?
47
Calculate the remainder when 2459 is divided by 1229.
1
Calculate the remainder when 5363 is divided by 244.
239
Calculate the remainder when 1517 is divided by 20.
17
What is the remainder when 342 is divided by 108?
18
What is the remainder when 376 is divided by 188?
0
What is the remainder when 70 is divided by 17?
2
What is the remainder when 143 is divided by 24?
23
Calculate the remainder when 431 is divided by 108.
107
What is the remainder when 168 is divided by 13?
12
Calculate the remainder when 4409 is divided by 21.
20
What is the remainder when 237 is divided by 8?
5
What is the remainder when 7827 is divided by 22?
17
What